 y(z) = -2*z. Let s be y(-1). Suppose 3*g + r - 27 = 0, -2 = -s*g - 5*r + 3. What is the highest common factor of g and 30?
10
Let t(w) = -w**2 - 14*w + 2. Suppose -6*m - 61 - 17 = 0. Let o be t(m). What is the highest common divisor of o and 165?
15
Suppose -55 - 325 = -10*s. Calculate the greatest common factor of 494 and s.
38
Suppose 14 = 3*a + 5*f, -f = -5*a - 10 + 24. Suppose -3*g + 2 = -u, 4*u + 0 = a*g + 1. Let t = 12 - u. What is the greatest common factor of t and 1?
1
Let c = 1490 + -800. Calculate the highest common divisor of 69 and c.
69
Let a(x) = 2*x**2 - 18*x + 1. Let r be a(11). Suppose -220 - r = -5*t. What is the highest common factor of 53 and t?
53
Suppose 9*p + 15 = 14*p. Let r = -333 - -342. Calculate the highest common divisor of r and p.
3
Let o = -13 - -26. What is the highest common factor of 26 and o?
13
Suppose 22 = -17*n + 28*n. Let q be 3*5 - (5 + -4). Calculate the highest common divisor of q and n.
2
Suppose -m + o + 356 = 0, -20*m + 25*m - 1825 = -4*o. Calculate the greatest common divisor of 38 and m.
19
Let x be (1 - 2 - 1) + -2 + 11. Let a(d) = -7*d**3 - 2*d - 2. Let i be a(-1). What is the greatest common divisor of x and i?
7
Let x = 73 + -57. Suppose 4*c - 60 - x = 0. What is the highest common factor of 19 and c?
19
Suppose 2*d = -u + 50, 4*u + 105 = 121. What is the greatest common divisor of 2047 and d?
23
Let h(b) = -b + 87. Let l be h(4). What is the highest common factor of l and 1660?
83
Suppose 265 = -3*i + 8*i + 5*v, -4*v = 4. What is the greatest common divisor of 2 and i?
2
Let q = 193 - 164. Calculate the greatest common factor of q and 58.
29
Let r(i) = -i**3 + 36*i**2 + 45*i - 109. Let d be r(37). Calculate the highest common divisor of 22 and d.
11
Suppose -4*c + 11 = -s - 6, 0 = 2*s - 4*c + 14. Suppose 0 = s*z + 8*z - 385. What is the highest common factor of z and 280?
35
Let w = -52 - -56. Let q = w + 25. What is the highest common factor of 145 and q?
29
Suppose -1669 + 598 = -7*u. Calculate the highest common divisor of 34 and u.
17
Let q = -25 - -61. Let o be ((-234)/24)/((-9)/(-24)). Let y be (-462)/(-39) + (-4)/o. Calculate the greatest common factor of y and q.
12
Suppose -2*x + 2*l = 0, 2*x + l - 11 = -2. What is the highest common factor of 384 and x?
3
Suppose 5*a = -20, -j + 5*j + a - 236 = 0. What is the highest common factor of j and 132?
12
Let u(r) = r**2 + 2*r. Let g be u(-4). Suppose 0 = 3*w - 15, -3*w + 24 + 7 = j. What is the greatest common divisor of j and g?
8
Let i be ((-264)/(-9)*3)/(2/4). Let b = i + -104. What is the highest common factor of 8 and b?
8
Let i = -106 - -152. Calculate the highest common factor of 2 and i.
2
Suppose -2*b + 0*b = -26. Let y(j) = -6*j - 4. Let n be y(-3). Let k = n + b. Calculate the greatest common divisor of k and 18.
9
Let n(y) be the first derivative of -5*y**2/2 + 13*y + 17. Let x be n(-4). Calculate the greatest common factor of 11 and x.
11
Let y be (-8)/(-12)*18/(-4). Let s = y - -6. Suppose s*r - 5*a = 10, -2*r + a = -3*r + 6. Calculate the greatest common divisor of r and 25.
5
Suppose -30*c + 2009 = 11*c. What is the greatest common factor of 147 and c?
49
Let d(i) = i + 52. Let p be d(0). Suppose 4*f - 5 = 3. Suppose a = g - 15, -3*g = f*g - 2*a - 69. Calculate the greatest common divisor of g and p.
13
Let k(q) = q**3 - 3*q**2 - 6*q + 8. Let g be (-10)/2*(-6)/5. Let p be k(g). Let a be -3*1 + 175/5. Calculate the highest common factor of a and p.
16
Suppose 5*o - 4*b - 575 = -5*b, 2*b = 0. Calculate the highest common factor of o and 69.
23
Suppose 6*z - 793 = -55*z. What is the greatest common factor of 1144 and z?
13
Let p = -52 - -77. Let g = -314 - -689. What is the highest common divisor of p and g?
25
Let d be (-2976)/(-9)*63/42. What is the highest common factor of 48 and d?
16
Let h(u) = u**2 - 5*u + 11. Let w be h(9). Calculate the highest common factor of w and 329.
47
Let n be (-14)/(-105) + (-4)/30. Let b be 253 - n*3/9. What is the greatest common divisor of b and 23?
23
Let u = 4 + -3. Let n be (4/(-6) + 0)*(-36)/8. Let v be (1*(n - 2))/(1 + 0). Calculate the greatest common divisor of v and u.
1
Let q be -2 - (-2 + 1 + 1). Let j be -2 + (-4)/q + 6. Let d = 103 - 91. What is the highest common divisor of j and d?
6
Suppose 4 = -3*n + 1. Let y(o) = 24*o**2 - o - 1. Let i be y(n). Let q be 1/(-2) + (-104)/(-16). Calculate the highest common factor of i and q.
6
Suppose -504 = 174*m - 178*m + 3*c, 274 = 2*m + 4*c. What is the highest common factor of 1419 and m?
129
Let c(w) = -6 + 3*w + 1 + 0. Let o be c(-5). Let r = -16 - o. Calculate the highest common divisor of r and 8.
4
Let b = -244 + 257. What is the greatest common factor of 403 and b?
13
Let d(m) = 3*m**3 - 2 - 2*m**3 - 2*m**2 + m + 6*m**3. Let n be d(2). Suppose 15 = z + 3*r, 0 = 2*r - 0 - 6. Calculate the greatest common divisor of n and z.
6
Let s be 10071/21 - 42/(-98). What is the highest common divisor of 60 and s?
60
Let i be (96 - 203)/(2/(-14)) - 1. Calculate the highest common factor of 88 and i.
44
Let f(r) = -8*r + 629 - 617 + 2*r. Let o(k) = k**3 + 7*k**2 + 7*k - 4. Let g be o(-6). Let d be f(g). Calculate the highest common factor of d and 8.
8
Let g(n) = n**2 - 7*n. Let q be g(10). Suppose -44 = -2*u - s, -u + 7*s + 4 = 3*s. Calculate the greatest common factor of q and u.
10
Let i be ((-25)/10)/(4*5/(-40)). Let u be (1/3)/((-1)/(-3)). Calculate the greatest common divisor of u and i.
1
Let r = -13 + 16. Let u = -23 - -38. Calculate the highest common factor of u and r.
3
Let f = -68 + 76. Suppose 5*l - 231 + 71 = 0. What is the greatest common factor of f and l?
8
Let g = 0 - -2. Suppose -31*b = 1509 - 1695. What is the greatest common divisor of g and b?
2
Let a be (2 - 4)*15/(-6). Suppose -a*s + 11 = 2*v, -v - 3*s + 5 = -0*s. What is the highest common factor of 88 and v?
8
Let l = 993 - 913. Calculate the highest common factor of 500 and l.
20
Let b = 63 - 42. Let j = 34 + -20. Calculate the highest common factor of j and b.
7
Let r(t) = -1 + 53*t**2 + t**3 - t - 3 - 55*t**2. Suppose 8 = 5*p - 7. Let o be r(p). What is the greatest common divisor of 1 and o?
1
Let k = 59 + -23. Suppose 2*x + x + 5*s = 22, s + 28 = 3*x. Calculate the highest common divisor of k and x.
9
Let i(x) = -x**3 + 18*x**2 - 7*x + 17. Suppose -3*p + 0*u = -2*u - 47, 2*p + 4*u = 42. Let f be i(p). Calculate the highest common divisor of f and 17.
17
Let s(v) = v**2 + 13*v + 21. Let k be s(-12). Calculate the highest common divisor of k and 153.
9
Let p be (33/(-6))/((-6)/24). Suppose -x + p + 28 = 0. Calculate the greatest common factor of x and 20.
10
Let k be (-2)/6*(5 - -1). Let m be 1/k*6*11. Let b = -24 - m. What is the greatest common factor of 3 and b?
3
Let d be (-3)/12 + 1473/(-12). Let s = 244 + d. Suppose 0 = 3*u - 3*j + 2*j - s, 3*u = -2*j + 136. Calculate the greatest common divisor of u and 6.
6
Suppose 0 = -11*l - 589 + 2195. What is the highest common factor of 365 and l?
73
Suppose 5*k - 15 = 35. Let o(h) be the third derivative of -h**4/24 + 8*h**3/3 - 38*h**2. Let a be o(6). What is the highest common factor of k and a?
10
Let x(a) = 8*a - 10 - 8 - 14*a**2 + 11*a + a**3. Let o be x(13). Calculate the greatest common factor of o and 300.
60
Let b = 25 - 58. Let k = 55 + b. Calculate the highest common factor of 66 and k.
22
Suppose u - l + 6*l = 12, -5*l = -3*u + 36. Calculate the highest common divisor of u and 336.
12
Let y be 16/(-4) - 2 - 20532/(-29). Calculate the greatest common divisor of y and 26.
26
Let d be 8/(-1)*(3/2 - 2). Suppose -x = -d, -3*a = -4*a + 2*x + 2. What is the highest common factor of a and 5?
5
Suppose 3*p + 206 = 5*v - 4*v, 0 = 2*v + 2. Let x = p + 129. What is the greatest common divisor of 36 and x?
12
Let n be ((-34)/6)/((6 - 0)/(-54)). Calculate the highest common factor of n and 561.
51
Suppose 0 = -5*q - 4*g + 1045, -4*q + 3*q + 209 = g. Calculate the greatest common factor of q and 11.
11
Suppose -o - n - 21 = -71, -2*n = o - 51. Suppose 6*d - 9*d + 21 = 0. Calculate the greatest common factor of o and d.
7
Let y be 1/(-9) - (2 + 76/(-36)). Suppose 4*c = 20 + 4. Suppose 5*g - 60 = x - c*x, 2*g - 4 = y. Calculate the greatest common divisor of 10 and x.
10
Let o = 51 + -51. Suppose -18*j + 9*j + 405 = o